a multiple of 37?
False
Is 109138 a multiple of 5?
False
Is 13 a factor of 7683519?
False
Does 186 divide 292248?
False
Is 7 a factor of 268303?
True
Is 339 a factor of 230181?
True
Is 61 a factor of 26396?
False
Does 39 divide 526071?
True
Is 3108532 a multiple of 134?
True
Does 10 divide 4529180?
True
Does 3 divide 9149?
False
Is 877851 a multiple of 117?
True
Does 40 divide 514441?
False
Is 2906358 a multiple of 6?
True
Is 13 a factor of 7275125?
True
Does 27 divide 141032?
False
Is 1394271 a multiple of 237?
True
Is 94 a factor of 12421314?
False
Is 307 a factor of 972167?
False
Is 61 a factor of 2056859?
True
Is 19 a factor of 1596912?
True
Does 20 divide 15072?
False
Is 67 a factor of 3249902?
True
Does 202 divide 91102?
True
Is 98028 a multiple of 252?
True
Does 167 divide 50100?
True
Is 560069 a multiple of 113?
False
Does 4 divide 204002?
False
Does 6 divide 155638?
False
Does 30 divide 158466?
False
Is 13 a factor of 1904734?
True
Is 14 a factor of 299472?
False
Is 25 a factor of 5468062?
False
Is 38033 a multiple of 73?
True
Is 94 a factor of 28858?
True
Is 24 a factor of 9192?
True
Does 6 divide 2482236?
True
Is 639 a factor of 2085696?
True
Is 13 a factor of 10305056?
False
Does 24 divide 136364?
False
Is 162057 a multiple of 420?
False
Is 65 a factor of 132903?
False
Is 2 a factor of 1824069?
False
Is 21 a factor of 111888?
True
Is 122165 a multiple of 16?
False
Does 6 divide 76902?
True
Does 15 divide 668025?
True
Is 152 a factor of 527896?
True
Does 51 divide 301155?
True
Does 63 divide 503496?
True
Is 52242 a multiple of 94?
False
Does 13 divide 2324992?
False
Is 565898 a multiple of 3?
False
Is 313 a factor of 437261?
True
Is 450300 a multiple of 285?
True
Is 15 a factor of 1096725?
True
Is 362 a factor of 595110?
False
Is 12 a factor of 313248?
True
Does 164 divide 1919948?
True
Is 14775 a multiple of 75?
True
Does 115 divide 500344?
False
Is 95 a factor of 17310226?
False
Does 38 divide 2488354?
True
Is 57264 a multiple of 26?
False
Is 30800 a multiple of 10?
True
Is 28 a factor of 198184?
True
Does 553 divide 498723?
False
Does 7 divide 8642?
False
Does 347 divide 2426894?
False
Does 56 divide 7778?
False
Does 64 divide 706?
False
Does 63 divide 406350?
True
Does 135 divide 7020?
True
Is 1976911 a multiple of 111?
False
Is 52874 a multiple of 127?
False
Is 64218 a multiple of 417?
True
Does 328 divide 4052112?
True
Is 94748 a multiple of 15?
False
Is 720 a factor of 6817680?
True
Does 124 divide 4235304?
False
Is 4 a factor of 113452?
True
Is 9 a factor of 18431?
False
Is 7289020 a multiple of 4?
True
Is 39 a factor of 315034?
False
Is 43 a factor of 2168748?
True
Is 480 a factor of 1747765?
False
Is 26 a factor of 196223?
False
Is 65 a factor of 4774510?
True
Is 144 a factor of 17450215?
False
Is 6998608 a multiple of 34?
False
Is 6 a factor of 54314?
False
Is 724864 a multiple of 64?
True
Is 29 a factor of 432361?
True
Is 246 a factor of 65282?
False
Is 17 a factor of 478459?
False
Does 1048 divide 1843432?
True
Does 165 divide 404415?
True
Is 306 a multiple of 6?
True
Is 20 a factor of 6537083?
False
Is 340298 a multiple of 2?
True
Is 3857881 a multiple of 431?
True
Is 13 a factor of 4791163?
True
Is 4224339 a multiple of 63?
True
Is 22333583 a multiple of 269?
False
Is 2265165 a multiple of 51?
True
Is 153893 a multiple of 20?
False
Is 2946870 a multiple of 718?
False
Is 78 a factor of 3693259?
False
Is 8019788 a multiple of 28?
True
Is 580 a factor of 5669500?
True
Does 7 divide 7167580?
True
Does 22 divide 9170778?
False
Does 29 divide 941273?
False
Is 162000 a multiple of 54?
True
Is 3 a factor of 225493?
False
Is 1058 a factor of 1344325?
False
Is 462300 a multiple of 25?
True
Is 10 a factor of 161919?
False
Is 512 a factor of 3802439?
False
Is 453 a factor of 3138622?
False
Does 8 divide 167596?
False
Is 13003368 a multiple of 56?
True
Is 401 a factor of 297997?
False
Does 18 divide 159426?
True
Is 1488620 a multiple of 44?
False
Does 12 divide 9809424?
True
Does 35 divide 11964806?
False
Is 333 a factor of 4103226?
True
Is 455749 a multiple of 15?
False
Is 64 a factor of 85504?
True
Is 292986 a multiple of 54?
False
Is 15 a factor of 3576300?
True
Is 2 a factor of 1219898?
True
Is 293 a factor of 149430?
True
Is 1181043 a multiple of 285?
False
Is 345 a factor of 44505?
True
Is 48 a factor of 34272?
True
Is 37 a factor of 483320?
False
Does 158 divide 244589?
False
Is 1346381 a multiple of 2?
False
Is 23490 a multiple of 37?
False
Is 4 a factor of 415964?
True
Is 835115 a multiple of 2?
False
Is 267552 a multiple of 9?
True
Is 183715 a multiple of 45?
False
Does 183 divide 417789?
True
Is 64660 a multiple of 212?
True
Is 288724 a multiple of 551?
True
Does 49 divide 1420430?
False
Does 33 divide 18150?
True
Is 14391458 a multiple of 389?
False
Is 11957 a multiple of 92?
False
Is 10 a factor of 250230?
True
Is 1480286 a multiple of 2?
True
Does 529 divide 4641483?
False
Is 216 a factor of 86832?
True
Is 955982 a multiple of 89?
False
Is 2877120 a multiple of 324?
True
Does 14 divide 654411?
False
Is 664 a factor of 432264?
True
Does 589 divide 461689?
False
Is 207 a factor of 620586?
True
Is 46 a factor of 1112897?
False
Is 195 a factor of 543061?
False
Does 11 divide 654642?
False
Is 7705751 a multiple of 76?
False
Is 26 a factor of 174777?
False
Is 1392514 a multiple of 56?
False
Is 14629515 a multiple of 780?
False
Is 63744 a multiple of 28?
False
Does 5 divide 65009?
False
Is 4 a factor of 215768?
True
Is 442747 a multiple of 244?
False
Is 160 a factor of 916640?
True
Does 37 divide 464017?
True
Is 446784 a multiple of 96?
True
Is 677 a multiple of 2?
False
Is 6 a factor of 1327020?
True
Is 191448 a multiple of 24?
True
Does 135 divide 927855?
True
Is 110 a factor of 448094?
False
Is 85 a factor of 6830649?
False
Is 922572 a multiple of 42?
True
Is 937937 a multiple of 13?
True
Is 122 a factor of 9082582?
False
Is 35 a factor of 98735?
True
Is 85 a factor of 7416?
False
Is 17097964 a multiple of 1534?
True
Is 65 a factor of 6359081?
False
Is 3694848 a multiple of 24?
True
Does 371 divide 24596558?
True
Does 66 divide 1984222?
False
Is 247 a factor of 158821?
True
Is 45 a factor of 235343?
False
Does 98 divide 1690990?
True
Is 872955 a multiple of 285?
True
Is 25 a factor of 703700?
True
Does 48 divide 57995?
False
Is 751266 a multiple of 8?
False
Is 163 a factor of 430820?
False
Does 165 divide 530970?
True
Does 55 divide 5849999?
False
Is 14 a factor of 936532?
False
Does 240 divide 610560?
True
Is 16 a factor of 3124651?
False
Is 9 a factor of 25515?
True
Is 1094275 a multiple of 845?
True
Is 25935 a multiple of 8?
False
Does 40 divide 475640?
True
Is 66 a factor of 546480?
True
Is 32656087 a multiple of 14?
False
Does 339 divide 24429?
False
Is 39 a factor of 314262?
True
Does 651 divide 7977656?
False
Is 21 a factor of 6234795?
True
Does 4 divide 63458?
False
Does 15 divide 776950?
False
Does 108 divide 50530?
False
Is 214 a factor of 193242?
True
Is 29 a factor of 15395?
False
Does 13 divide 347484?
False
Is 153375 a multiple of 27?
False
Is 266 a factor of 513226?
False
Is 40 a factor of 7095?
False
Does 3 divide 370465?
False
Does 118 divide 2277015?
False
Does 5 divide 125250?
True
Is 3419575 a multiple of 16?
False
Is 3791062 a multiple of 11?
True
Is 465399 a multiple of 8?
False
Does 124 divide 2227288?
True
Does 37 divide 117057?
False
Does 22 divide 13421694?
True
Is 25 a factor of 359550?
True
Is 1320420 a multiple of 746?
True
Does 8 divide 3215?
False
Does 136 divide 5651752?
True
Is 68267 a multiple of 89?
False
Is 91353 a multiple of 18?
False
Is 5185946 a multiple of 78?
False
Is 1197698 a multiple of 26?
False
Is 29 a factor of 1421928?
True
Does 8 divide 2165456?
True
Is 1488598 a multiple of 554?
True
Is 153 a factor of 353218?
False
Does 20 divide 1439640?
True
Is 39 a factor of 604912?
False
Is 168592 a multiple of 41?
True
Is 6296546 a multiple of 277?
False
Does 12 divide 1330376?
False
Is 135 a factor of 546885?
True
Is 40 a factor of 74711?
False
Is 86933 a multiple of 8?
False
Does 13 divide 379444?
True
Is 192640 a multiple of 16?
True
Is 169 a factor of 1125878?
True
Does 4 divide 336364?
True
Is 10 a factor of 162070?
True
Is 133 a factor of 45087?
True
Does 14 divide 14845